{"id":1393,"date":"2017-06-28T14:13:06","date_gmt":"2017-06-28T13:13:06","guid":{"rendered":"http:\/\/garecentrale.be\/wp\/?post_type=tribe_events&#038;p=1393"},"modified":"2017-06-28T14:13:06","modified_gmt":"2017-06-28T13:13:06","slug":"baby-macbeth","status":"publish","type":"tribe_events","link":"https:\/\/garecentrale.be\/wp\/en\/spectacle\/baby-macbeth\/","title":{"rendered":"Baby MacBeth"},"content":{"rendered":"<p>le samedi 23 septembre \u00e0 15h et 17h<br \/>\nle dimanche 24 septembre \u00e0 11h<\/p>\n<p>Vitrine des Ardennes &#8211; Place Ducale<\/p>\n<p>Dans le cadre du Fil Rouge Agn\u00e8s Limbos &#8211; Cie Gare Centrale Festival Mondial des Th\u00e9\u00e2tres de Marionnette de Charleville-M\u00e9zi\u00e8res<\/p>\n","protected":false},"excerpt":{"rendered":"<p>le samedi 23 septembre \u00e0 15h et 17h le dimanche 24 septembre \u00e0 11h Vitrine des Ardennes &#8211; Place Ducale&#8230;<\/p>\n","protected":false},"author":1,"featured_media":0,"template":"","meta":{"_tribe_events_status":"","_tribe_events_status_reason":"","footnotes":""},"tags":[],"tribe_events_cat":[9,29],"class_list":["post-1393","tribe_events","type-tribe_events","status-publish","hentry","tribe_events_cat-tous","tribe_events_cat-macbeth","cat_tous","cat_macbeth"],"jetpack_sharing_enabled":true,"_links":{"self":[{"href":"https:\/\/garecentrale.be\/wp\/en\/wp-json\/wp\/v2\/tribe_events\/1393","targetHints":{"allow":["GET"]}}],"collection":[{"href":"https:\/\/garecentrale.be\/wp\/en\/wp-json\/wp\/v2\/tribe_events"}],"about":[{"href":"https:\/\/garecentrale.be\/wp\/en\/wp-json\/wp\/v2\/types\/tribe_events"}],"author":[{"embeddable":true,"href":"https:\/\/garecentrale.be\/wp\/en\/wp-json\/wp\/v2\/users\/1"}],"version-history":[{"count":0,"href":"https:\/\/garecentrale.be\/wp\/en\/wp-json\/wp\/v2\/tribe_events\/1393\/revisions"}],"wp:attachment":[{"href":"https:\/\/garecentrale.be\/wp\/en\/wp-json\/wp\/v2\/media?parent=1393"}],"wp:term":[{"taxonomy":"post_tag","embeddable":true,"href":"https:\/\/garecentrale.be\/wp\/en\/wp-json\/wp\/v2\/tags?post=1393"},{"taxonomy":"tribe_events_cat","embeddable":true,"href":"https:\/\/garecentrale.be\/wp\/en\/wp-json\/wp\/v2\/tribe_events_cat?post=1393"}],"curies":[{"name":"wp","href":"https:\/\/api.w.org\/{rel}","templated":true}]}}

<p>le samedi 23 septembre à 15h et 17h<br />
le dimanche 24 septembre à 11h</p>
<p>Vitrine des Ardennes &#8211; Place Ducale</p>
<p>Dans le cadre du Fil Rouge Agnès Limbos &#8211; Cie Gare Centrale Festival Mondial des Théâtres de Marionnette de Charleville-Mézières</p>

<p>le samedi 23 septembre à 15h et 17h le dimanche 24 septembre à 11h Vitrine des Ardennes &#8211; Place Ducale&#8230;</p>
