{"id":1613,"date":"2018-02-28T17:22:09","date_gmt":"2018-02-28T16:22:09","guid":{"rendered":"http:\/\/garecentrale.be\/wp\/?post_type=tribe_events&#038;p=1613"},"modified":"2018-02-28T17:22:09","modified_gmt":"2018-02-28T16:22:09","slug":"stage-qui-joue-lacteur-ou-lobjet","status":"publish","type":"tribe_events","link":"https:\/\/garecentrale.be\/wp\/spectacle\/stage-qui-joue-lacteur-ou-lobjet\/","title":{"rendered":"Stage \u00ab\u00a0Qui joue : l&rsquo;acteur ou l&rsquo;objet?\u00a0\u00bb"},"content":{"rendered":"<p><strong>Du 28 mai<br \/>\nau 02 juin 2018<\/strong><\/p>\n<p class=\"mene\">Agn\u00e8s Limbos et Guillaume Istace<\/p>\n<h5>Qui joue : l\u2019acteur ou l\u2019objet ?<\/h5>\n<p>V\u00e9lo Th\u00e9\u00e2tre, sc\u00e8ne conventionn\u00e9e Th\u00e9\u00e2tre d&rsquo;objet<\/p>\n<p class=\"localisation\">Apt <span class=\"light\">(84)<\/span><\/p>\n<div class=\"plus children\">\n<p>de 10h \u00e0 18h<\/p>\n<p>Renseignements et inscriptions : Th\u00e9\u00e2tre de Cuisine, @ : thcuisine@free.fr \/\/ T\u00e9l: 04 95 04 95 87<br \/>\nCette formation se compose de trois sessions de 6 jours.<\/p>\n<p>Dur\u00e9e : 108 heures<br \/>\nDates : I. du 7 au 12 mai 2018 ; II. du 28 mai au 2 juin 2018 ; III. du 18 au 23 juin 2018<br \/>\nNombre de participants : 12 stagiaires<br \/>\nPr\u00e9-requis : avoir une exp\u00e9rience d\u2019au moins 5 ans dans le domaine du spectacle vivant<\/p>\n<\/div>\n","protected":false},"excerpt":{"rendered":"<p>Du 28 mai au 02 juin 2018 Agn\u00e8s Limbos et Guillaume Istace Qui joue : l\u2019acteur ou l\u2019objet ? V\u00e9lo&#8230;<\/p>\n","protected":false},"author":1,"featured_media":0,"template":"","meta":{"_tribe_events_status":"","_tribe_events_status_reason":"","footnotes":""},"tags":[],"tribe_events_cat":[8,9],"class_list":["post-1613","tribe_events","type-tribe_events","status-publish","hentry","tribe_events_cat-laboratoire","tribe_events_cat-tous","cat_laboratoire","cat_tous"],"jetpack_sharing_enabled":true,"_links":{"self":[{"href":"https:\/\/garecentrale.be\/wp\/wp-json\/wp\/v2\/tribe_events\/1613","targetHints":{"allow":["GET"]}}],"collection":[{"href":"https:\/\/garecentrale.be\/wp\/wp-json\/wp\/v2\/tribe_events"}],"about":[{"href":"https:\/\/garecentrale.be\/wp\/wp-json\/wp\/v2\/types\/tribe_events"}],"author":[{"embeddable":true,"href":"https:\/\/garecentrale.be\/wp\/wp-json\/wp\/v2\/users\/1"}],"version-history":[{"count":0,"href":"https:\/\/garecentrale.be\/wp\/wp-json\/wp\/v2\/tribe_events\/1613\/revisions"}],"wp:attachment":[{"href":"https:\/\/garecentrale.be\/wp\/wp-json\/wp\/v2\/media?parent=1613"}],"wp:term":[{"taxonomy":"post_tag","embeddable":true,"href":"https:\/\/garecentrale.be\/wp\/wp-json\/wp\/v2\/tags?post=1613"},{"taxonomy":"tribe_events_cat","embeddable":true,"href":"https:\/\/garecentrale.be\/wp\/wp-json\/wp\/v2\/tribe_events_cat?post=1613"}],"curies":[{"name":"wp","href":"https:\/\/api.w.org\/{rel}","templated":true}]}}

<p><strong>Du 28 mai<br />
au 02 juin 2018</strong></p>
<p class="mene">Agnès Limbos et Guillaume Istace</p>
<h5>Qui joue : l’acteur ou l’objet ?</h5>
<p>Vélo Théâtre, scène conventionnée Théâtre d&rsquo;objet</p>
<p class="localisation">Apt <span class="light">(84)</span></p>
<div class="plus children">
<p>de 10h à 18h</p>
<p>Renseignements et inscriptions : Théâtre de Cuisine, @ : thcuisine@free.fr // Tél: 04 95 04 95 87<br />
Cette formation se compose de trois sessions de 6 jours.</p>
<p>Durée : 108 heures<br />
Dates : I. du 7 au 12 mai 2018 ; II. du 28 mai au 2 juin 2018 ; III. du 18 au 23 juin 2018<br />
Nombre de participants : 12 stagiaires<br />
Pré-requis : avoir une expérience d’au moins 5 ans dans le domaine du spectacle vivant</p>
</div>

<p>Du 28 mai au 02 juin 2018 Agnès Limbos et Guillaume Istace Qui joue : l’acteur ou l’objet ? Vélo&#8230;</p>
