{"id":1678,"date":"2018-04-23T13:34:28","date_gmt":"2018-04-23T12:34:28","guid":{"rendered":"http:\/\/garecentrale.be\/wp\/?post_type=tribe_events&#038;p=1678"},"modified":"2018-07-30T15:19:44","modified_gmt":"2018-07-30T14:19:44","slug":"baby-macbeth-15","status":"publish","type":"tribe_events","link":"https:\/\/garecentrale.be\/wp\/spectacle\/baby-macbeth-15\/","title":{"rendered":"Baby Macbeth"},"content":{"rendered":"<p>Dans le cadre du festival de th\u00e9\u00e2tre de Spa.<\/p>\n<p>Repr\u00e9sentations le 18 ao\u00fbt \u00e0 13h30 et \u00e0 16h dans la Salle des f\u00eates de Spa.<\/p>\n","protected":false},"excerpt":{"rendered":"<p>Dans le cadre du festival de th\u00e9\u00e2tre de Spa. Repr\u00e9sentations le 18 ao\u00fbt \u00e0 13h30 et \u00e0 16h dans la&#8230;<\/p>\n","protected":false},"author":1,"featured_media":0,"template":"","meta":{"_tribe_events_status":"","_tribe_events_status_reason":"","footnotes":""},"tags":[],"tribe_events_cat":[9,29],"class_list":["post-1678","tribe_events","type-tribe_events","status-publish","hentry","tribe_events_cat-tous","tribe_events_cat-macbeth","cat_tous","cat_macbeth"],"jetpack_sharing_enabled":true,"_links":{"self":[{"href":"https:\/\/garecentrale.be\/wp\/wp-json\/wp\/v2\/tribe_events\/1678","targetHints":{"allow":["GET"]}}],"collection":[{"href":"https:\/\/garecentrale.be\/wp\/wp-json\/wp\/v2\/tribe_events"}],"about":[{"href":"https:\/\/garecentrale.be\/wp\/wp-json\/wp\/v2\/types\/tribe_events"}],"author":[{"embeddable":true,"href":"https:\/\/garecentrale.be\/wp\/wp-json\/wp\/v2\/users\/1"}],"version-history":[{"count":1,"href":"https:\/\/garecentrale.be\/wp\/wp-json\/wp\/v2\/tribe_events\/1678\/revisions"}],"predecessor-version":[{"id":1874,"href":"https:\/\/garecentrale.be\/wp\/wp-json\/wp\/v2\/tribe_events\/1678\/revisions\/1874"}],"wp:attachment":[{"href":"https:\/\/garecentrale.be\/wp\/wp-json\/wp\/v2\/media?parent=1678"}],"wp:term":[{"taxonomy":"post_tag","embeddable":true,"href":"https:\/\/garecentrale.be\/wp\/wp-json\/wp\/v2\/tags?post=1678"},{"taxonomy":"tribe_events_cat","embeddable":true,"href":"https:\/\/garecentrale.be\/wp\/wp-json\/wp\/v2\/tribe_events_cat?post=1678"}],"curies":[{"name":"wp","href":"https:\/\/api.w.org\/{rel}","templated":true}]}}

<p>Dans le cadre du festival de théâtre de Spa.</p>
<p>Représentations le 18 août à 13h30 et à 16h dans la Salle des fêtes de Spa.</p>

<p>Dans le cadre du festival de théâtre de Spa. Représentations le 18 août à 13h30 et à 16h dans la&#8230;</p>
